{"id":2335,"date":"2022-07-10T10:54:42","date_gmt":"2022-07-10T10:54:42","guid":{"rendered":"https:\/\/www.liganavalmardealboran.es\/portal\/?post_type=product&#038;p=2335"},"modified":"2022-07-10T11:22:35","modified_gmt":"2022-07-10T11:22:35","slug":"distintivo-bordado","status":"publish","type":"product","link":"https:\/\/www.liganavalmardealboran.es\/portal\/producto\/distintivo-bordado\/","title":{"rendered":"Distintivo Azul bordado"},"content":{"rendered":"<p><strong>Descripci\u00f3n.<\/strong><\/p>\n<p>Distintivo Azul de la Liga Naval Mar de Albor\u00e1n. Para colocar en uniformes gorra de plato, chaqueta, camisa tropical o palas.<\/p>\n<p>Las galletas est\u00e1n fabricados utilizando loneta especial de PVC (ign\u00edfuga, de muy alta resistencia e impermeable), el bordado est\u00e1 realizado con hilos de poliester de la mejor calidad del mercado. Garantizados contra el deterioro por uso de detergentes, cloro o luz solar. Se pueden lavar. No desti\u00f1en. Todos nuestros parches son termoadhesivos (v\u00e1lidos para coser y\/o pegar mediante aplicaci\u00f3n de calor). La capa adhesiva que aplicamos es de 150 micras (la m\u00e1s alta del mercado) que asegura un pegado duradero sobre la prenda. Terminaci\u00f3n y rematado del parche mediante borde reforzado.<\/p>\n<p><strong>Tama\u00f1o:<\/strong><\/p>\n<p>6.0 cms x 4.0 cms<\/p>\n","protected":false},"excerpt":{"rendered":"<p><strong>Descripci\u00f3n.<\/strong><\/p>\n<p>Distintivo Azul de la Liga Naval Mar de Albor\u00e1n. Para colocar en uniformes gorra de plato, chaqueta, camisa tropical o palas.<\/p>\n","protected":false},"featured_media":2339,"comment_status":"open","ping_status":"closed","template":"","meta":[],"product_cat":[52,54],"product_tag":[],"class_list":["post-2335","product","type-product","status-publish","has-post-thumbnail","hentry","product_cat-complementos","product_cat-distintivos"],"acf":[],"_links":{"self":[{"href":"https:\/\/www.liganavalmardealboran.es\/portal\/wp-json\/wp\/v2\/product\/2335","targetHints":{"allow":["GET"]}}],"collection":[{"href":"https:\/\/www.liganavalmardealboran.es\/portal\/wp-json\/wp\/v2\/product"}],"about":[{"href":"https:\/\/www.liganavalmardealboran.es\/portal\/wp-json\/wp\/v2\/types\/product"}],"replies":[{"embeddable":true,"href":"https:\/\/www.liganavalmardealboran.es\/portal\/wp-json\/wp\/v2\/comments?post=2335"}],"wp:featuredmedia":[{"embeddable":true,"href":"https:\/\/www.liganavalmardealboran.es\/portal\/wp-json\/wp\/v2\/media\/2339"}],"wp:attachment":[{"href":"https:\/\/www.liganavalmardealboran.es\/portal\/wp-json\/wp\/v2\/media?parent=2335"}],"wp:term":[{"taxonomy":"product_cat","embeddable":true,"href":"https:\/\/www.liganavalmardealboran.es\/portal\/wp-json\/wp\/v2\/product_cat?post=2335"},{"taxonomy":"product_tag","embeddable":true,"href":"https:\/\/www.liganavalmardealboran.es\/portal\/wp-json\/wp\/v2\/product_tag?post=2335"}],"curies":[{"name":"wp","href":"https:\/\/api.w.org\/{rel}","templated":true}]}}